ase 16) to base 12
133
Convert 20240 (base 10) to base 12.
b868
What is 1656 (base 8) in base 12?
666
What is -503 (base 9) in base 13?
-255
What is 1c4 (base 13) in base 5?
2304
122222 (base 3) to base 14
269
Convert 5ae (base 16) to base 6.
10422
What is 1030000 (base 4) in base 10?
4864
What is 2818 (base 10) in base 6?
21014
-21000 (base 3) to base 13
-117
Convert -33b8 (base 12) to base 2.
-1011001111100
What is 7747 (base 11) in base 16?
27e7
Convert 101100010010101 (base 2) to base 9.
34086
-9745 (base 10) to base 3
-111100221
-205a7 (base 12) to base 6
-523531
Convert -11100001001011 (base 2) to base 4.
-3201023
What is -1050 (base 11) in base 6?
-10230
What is 332224 (base 5) in base 7?
45500
What is -1110022 (base 4) in base 13?
-25b4
-3464 (base 14) to base 12
-5328
Convert 6325 (base 14) to base 4.
10022331
Convert -28a7 (base 14) to base 4.
-1300203
Convert -269 (base 15) to base 8.
-1045
What is ee6 (base 16) in base 4?
323212
Convert -58 (base 15) to base 14.
-5d
What is -11381 (base 9) in base 4?
-1312312
-1111110001000 (base 2) to base 10
-8072
-2220022 (base 3) to base 16
-842
2510 (base 6) to base 16
26a
-4239 (base 11) to base 3
-21200201
Convert -333340 (base 6) to base 3.
-1102101220
What is 2473b (base 12) in base 3?
2111211002
What is 3a3 (base 14) in base 7?
2063
-12120 (base 3) to base 12
-106
33031 (base 5) to base 10
2266
Convert -20d (base 15) to base 7.
-1231
What is -4210 (base 5) in base 13?
-339
Convert -101010110010100 (base 2) to base 5.
-1200113
333 (base 5) to base 6
233
-1122020 (base 3) to base 4
-102222
What is -44671 (base 10) in base 9?
-67244
Convert -4336 (base 10) to base 3.
-12221121
Convert 601 (base 10) to base 2.
1001011001
Convert 278 (base 12) to base 7.
1052
What is -aa (base 15) in base 9?
-187
335 (base 10) to base 8
517
Convert 25051 (base 6) to base 9.
5064
Convert 1101010010 (base 2) to base 12.
5aa
374 (base 8) to base 12
190
Convert -1345 (base 6) to base 11.
-2a1
Convert 100001101 (base 2) to base 11.
225
What is -142 (base 14) in base 13?
-167
34036 (base 8) to base 16
381e
-1c06d (base 14) to base 9
-117888
What is -932 (base 16) in base 8?
-4462
What is -6445 (base 8) in base 6?
-23325
What is 6250 (base 8) in base 4?
302220
What is -20546 (base 10) in base 15?
-614b
What is -1345 (base 6) in base 3?
-111002
Convert 200 (base 11) to base 9.
288
113313 (base 4) to base 14
7b1
What is -11044 (base 8) in base 14?
-199a
1211220 (base 3) to base 6
10123
Convert bc5 (base 15) to base 12.
1658
What is -10007 (base 11) in base 14?
-54a4
10b0 (base 14) to base 7
11310
Convert 4336 (base 10) to base 11.
3292
What is 4a98 (base 13) in base 2?
10100101101011
-290 (base 10) to base 12
-202
What is 164446 (base 8) in base 3?
10000212121
Convert 100010001 (base 2) to base 5.
2043
224645 (base 7) to base 12
1b26b
Convert 255110 (base 7) to base 12.
23512
What is -23010 (base 5) in base 14?
-846
2135 (base 9) to base 10
1571
Convert 15179 (base 13) to base 3.
2000121122
What is 121 (base 3) in base 4?
100
-120201 (base 4) to base 13
-939
-15632 (base 10) to base 4
-3310100
What is -13d7 (base 16) in base 6?
-35303
What is 10111101 (base 2) in base 13?
117
What is 1115 (base 9) in base 11?
68a
325 (base 9) to base 5
2031
What is 1601b (base 12) in base 8?
74627
What is 1640 (base 12) in base 16?
a50
-1346c (base 15) to base 13
-22152
What is 1184 (base 10) in base 7?
3311
Convert -d39 (base 14) to base 8.
-5047
Convert -1770 (base 12) to base 4.
-230010
10266 (base 8) to base 11
323a
-7700 (base 9) to base 4
-1120212
What is a26 (base 11) in base 8?
2326
Convert 414c (base 15) to base 12.
7b99
What is -3049 (base 14) in base 15?
-26d2
Convert -505 (base 8) to base 11.
-276
91 (base 11) to base 9
121
Convert 6a4b (base 15) to base 5.
1210241
-101100101101001 (base 2) to base 14
-84ad
Convert -1445 (base 12) to base 9.
-3208
What is 14c (base 16) in base 8?
514
Convert -2212312 (base 5) to base 4.
-21120321
Convert -1111111100110 (base 2) to base 11.
-6154
273b (base 14) to base 13
31ba
-529a (base 12) to base 2
-10001101010110
What is -d8c6 (base 15) in base 2?
-1011001100100101
1639 (base 12) to base 5
41022
What is -1d9e (base 16) in base 13?
-35b3
-22 (base 14) to base 9
-33
What is 11652 (base 12) in base 10?
23390
What is -11444 (base 6) in base 10?
-1684
What is -101012002 (base 3) in base 16?
-1d03
-780 (base 14) to base 13
-8a2
What is 3032133 (base 4) in base 11?
9a24
Convert 4320 (base 5) to base 14.
2db
What is 36540 (base 8) in base 2?
11110101100000
What is -3132213 (base 5) in base 3?
-2122120201
a02 (base 14) to base 7
5502
Convert 553 (base 7) to base 4.
10123
bc (base 14) to base 10
166
What is -334214 (base 7) in base 13?
-20b97
What is -29931 (base 10) in base 14?
-ac9d
Convert -121a (base 11) to base 2.
-11000111010
What is 103b8 (base 13) in base 10?
29219
-209 (base 14) to base 8
-621
What is 301103 (base 4) in base 2?
110001010011
Convert 102211 (base 3) to base 8.
477
10101111110101 (base 2) to base 11
8500
Convert 327 (base 15) to base 7.
2035
-5313 (base 6) to base 5
-14242
11001110111 (base 2) to base 6
11355
What is 161b (base 16) in base 15?
1a24
-11b9 (base 12) to base 4
-133131
What is 825 (base 13) in base 5?
21013
What is -10b (base 12) in base 9?
-182
-4002 (base 13) to base 7
-34425
2221122002 (base 3) to base 14
17228
Convert -11121012 (base 3) to base 12.
-1b35
Convert 103210 (base 5) to base 7.
13236
Convert 44020 (base 5) to base 13.
14a7
What is 13341 (base 5) in base 2?
10001001000
-7dba (base 16) to base 6
-405002
What is -3443 (base 7) in base 3?
-1201112
11be (base 15) to base 16
ec3
100100100 (base 3) to base 9
10310
Convert 5387 (base 9) to base 8.
7577
What is -2dc (base 15) in base 14?
-34d
-11763 (base 10) to base 16
-2df3
What is -102703 (base 9) in base 13?
-21a53
-2113400 (base 5) to base 7
-205266
Convert 651 (base 13) to base 5.
13310
What is 1200002 (base 3) in base 9?
1602
Convert -4783 (base 9) to base 12.
-2086
What is 234254 (base 7) in base 8?
122526
Convert 121012021 (base 3) to base 8.
27036
Convert -8561 (base 9) to base 14.
-2416
2030201 (base 4) to base 12
5255
-545d (base 15) to base 3
-220111121
What is -12358 (base 11) in base 16?
-4541
2e7 (base 16) to base 15
348
11401 (base 9) to base 12
44a7
Convert -33303 (base 5) to base 2.
-100100011000
Convert -2454 (base 6) to base 10.
-610
Convert 19b0 (base 16) to base 4.
1212300
Convert -3451 (base 7) to base 11.
-a47
What is -162 (base 12) in base 7?
-431
2593 (base 11) to base 13
16c2
-35003 (base 6) to base 12
-2a63
-102022 (base 4) to base 6
-5214
What is 1123 (base 6) in base 8?
413
Convert 55608 (base 10) to base 7.
321060
11001010111 (base 2) to base 15
733
67 (base 16) to base 6
251
-7a42 (base 13) to base 9
-25435
Convert 10444 (base 6) to base 16.
5bc
Convert -34006 (base 9) to base 12.
-110b9
What is 5375 (base 8) in base 13?
1385
What is -1e (base 15) in base 14?
-21
What is -1860 (base 10) in base 15?
-840
Convert 2cb (base 13) to base 6.
2201
What is 848 (base 15) in base 14?
976
Convert -98 (base 13) to base 6.
-325
What is -1824a (base 15) in base 13?
-29752
Convert 1c66 (base 13) to base 10.
4309
Convert 8933 (base 10) to base 6.
105205
2671 (base 9) to base 15
8dd
Convert 4 (base 6) to base 13.
4
What is -2200101 (base 5) in base 14?
-d966
What is 1101101100110111 (base 2) in base 12?
28587
Convert -1140334 (base 6) to base 15.
-12a81
10022011221 (base 3) to base 12
3175a
-211322 (base 4) to base 9
-3285
-3040 (base 6) to base 4
-22200
-102212100 (base 3) to base 11
-6553
What is -1b7 (base 13) in base 2?
-100111111
What is 2433 (base 9) in base 11?
13a8
-2504 (base 9) to base 7
-5305
Convert -de23 (base 15) to base 13.
-1855b
43132 (base 5) to base 11
2212
What is -583 (base 10) in base 12?
-407
-cc8 (base 14) to base 6
-15412
1765 (base 15) to base 4
1032311
-221020 (base 3) to base 4
-22221
Convert 110101100110011 (base 2) to base 12.
13a6b
Convert 2341000 (base 5) to base 3.
2012022212
Convert 3022243 (base 5) to base 9.
73411
What is 56528 (base 9) in base 14?
d9c6
Convert -194 (base 11) to base 3.
-22022
What is -21022020 (base 4) in base 3?
-1220110100
-382 (base 16) to base 12
-62a
Convert -3454 (base 6) to base 3.
-1010121
Convert 1201102110 (base 3) to bas